 common factor of 8359114 and 1764634?
6106
What is the highest common factor of 3568288 and 46432?
32
What is the highest common factor of 4770292 and 184?
92
Calculate the highest common divisor of 30927 and 253821.
183
Calculate the greatest common divisor of 710 and 4479745.
355
What is the highest common factor of 1380 and 225978?
6
What is the highest common factor of 4028 and 11856524?
212
Calculate the greatest common divisor of 29568178 and 153134.
6658
What is the greatest common divisor of 7344 and 74736?
432
Calculate the greatest common divisor of 1345495 and 15635.
295
Calculate the highest common factor of 8560 and 16244600.
40
Calculate the greatest common divisor of 244 and 18372346.
122
Calculate the greatest common factor of 3029 and 344903.
13
Calculate the greatest common divisor of 1981026 and 56991.
471
What is the greatest common divisor of 1130 and 3105930?
10
What is the greatest common factor of 1839715 and 22523?
101
Calculate the greatest common divisor of 1674141 and 9744.
609
Calculate the highest common divisor of 180 and 42301620.
180
What is the highest common factor of 20 and 25978300?
20
What is the greatest common factor of 256 and 62275328?
256
Calculate the highest common divisor of 26675 and 1116373.
97
Calculate the greatest common factor of 20044 and 572642047.
5011
Calculate the highest common divisor of 31748624 and 778.
778
What is the highest common divisor of 3124966 and 13150?
526
Calculate the greatest common factor of 8519022 and 318.
6
What is the highest common factor of 291981607 and 4047?
1349
What is the greatest common divisor of 152687196 and 4?
4
Calculate the highest common factor of 6017299 and 11761.
619
Calculate the highest common divisor of 44 and 483131473.
11
Calculate the highest common divisor of 31993 and 2429007.
2461
Calculate the highest common factor of 2583 and 781074.
63
Calculate the highest common divisor of 564074 and 4649394.
1874
Calculate the highest common factor of 45266665 and 5576.
697
Calculate the highest common divisor of 1843072 and 44880.
2992
What is the greatest common divisor of 58586516 and 22760?
2276
Calculate the highest common factor of 3 and 35038202.
1
What is the highest common factor of 147196368 and 264?
264
Calculate the highest common divisor of 347712 and 456.
24
What is the highest common factor of 36 and 2419218?
18
What is the greatest common factor of 34051332 and 84?
84
What is the greatest common divisor of 2141611 and 9322?
79
Calculate the highest common divisor of 1060 and 515244005.
265
What is the highest common factor of 3550 and 8134825?
1775
Calculate the greatest common divisor of 15600 and 13661232.
624
What is the greatest common divisor of 36 and 26433000?
36
Calculate the greatest common divisor of 25466681 and 46.
23
Calculate the greatest common divisor of 3 and 31775234.
1
Calculate the greatest common factor of 1252110 and 84.
6
Calculate the greatest common factor of 242 and 23362922.
242
What is the greatest common factor of 36192 and 229460296?
3016
Calculate the highest common factor of 221825 and 231515.
95
Calculate the greatest common factor of 69161871 and 909.
303
Calculate the greatest common factor of 27348 and 2881860.
516
What is the highest common factor of 4 and 94148?
4
Calculate the greatest common divisor of 168 and 438172.
28
Calculate the highest common divisor of 30527 and 18277.
49
What is the greatest common factor of 31299609 and 49929?
2937
What is the greatest common factor of 66225 and 56325?
75
What is the greatest common factor of 273098412 and 621?
621
Calculate the highest common factor of 1817 and 617159.
23
What is the greatest common factor of 116970 and 40306?
14
What is the greatest common divisor of 76 and 754813?
19
What is the greatest common factor of 711066 and 2730?
6
What is the highest common divisor of 12985553 and 10899?
1211
What is the highest common factor of 81 and 599661?
9
Calculate the highest common divisor of 8564052 and 56.
28
What is the highest common factor of 1635 and 277096530?
1635
What is the greatest common divisor of 5508 and 76321116?
324
Calculate the highest common divisor of 674 and 64611999.
337
Calculate the greatest common factor of 9015907 and 27623.
1201
What is the greatest common divisor of 819 and 116266059?
819
Calculate the highest common divisor of 1812015 and 968211.
5409
Calculate the greatest common factor of 41 and 25179084.
41
What is the highest common factor of 92 and 141068?
4
Calculate the highest common factor of 24235140 and 95.
5
Calculate the highest common factor of 273106 and 4446.
38
What is the highest common divisor of 11474446 and 7944?
662
What is the highest common divisor of 2840 and 14304370?
710
What is the highest common factor of 2551710 and 8120?
2030
What is the highest common divisor of 523418472 and 9648?
4824
What is the greatest common factor of 258633120 and 852?
852
Calculate the greatest common factor of 29427799 and 113.
113
Calculate the greatest common divisor of 8766150 and 14.
2
Calculate the highest common divisor of 78 and 258979968.
78
Calculate the highest common factor of 7295149 and 569.
569
What is the highest common divisor of 5439 and 12779319?
777
Calculate the highest common divisor of 12888 and 277319688.
4296
What is the greatest common divisor of 384 and 12560304?
48
Calculate the highest common factor of 8948 and 8212.
4
What is the highest common divisor of 1596 and 1589427?
21
What is the highest common factor of 607947 and 97347?
111
Calculate the greatest common divisor of 19274 and 2379920.
838
Calculate the greatest common factor of 112 and 83420162.
14
Calculate the highest common divisor of 43312 and 603088.
16
Calculate the highest common factor of 10909038 and 17185.
3437
Calculate the highest common divisor of 94065 and 5055.
15
What is the highest common divisor of 9505275 and 128700?
975
What is the greatest common divisor of 162 and 120138?
6
Calculate the highest common factor of 72 and 345272.
8
What is the greatest common factor of 91275950 and 100?
50
Calculate the greatest common factor of 2 and 78089394.
2
Calculate the greatest common factor of 220 and 50377305.
55
Calculate the highest common divisor of 12764725 and 400.
25
What is the greatest common factor of 60 and 9899130?
30
Calculate the greatest common divisor of 285 and 6123480.
15
Calculate the highest common divisor of 117255447 and 1126.
563
Calculate the greatest common divisor of 1740 and 1844760.
60
Calculate the highest common divisor of 2586321968 and 16.
16
What is the greatest common divisor of 5382 and 782028?
234
Calculate the highest common divisor of 10093203 and 37647.
423
Calculate the highest common factor of 1432 and 291230494.
358
What is the highest common divisor of 5461 and 6245793?
43
Calculate the greatest common factor of 1426975 and 100.
25
Calculate the greatest common divisor of 78561 and 61029.
9
Calculate the highest common factor of 1498632 and 161376.
984
What is the greatest common factor of 51088 and 185235509?
3193
What is the highest common divisor of 138 and 267871616?
46
What is the greatest common divisor of 146467529 and 34255?
6851
What is the greatest common factor of 285 and 211091064?
57
What is the greatest common factor of 1940100 and 1030950?
4350
What is the greatest common factor of 13285005 and 12606?
573
Calculate the highest common divisor of 27399684 and 1554.
222
Calculate the greatest common divisor of 2232 and 326097.
9
What is the highest common divisor of 4752 and 282095568?
432
Calculate the highest common divisor of 265228 and 20.
4
Calculate the greatest common factor of 4665 and 621270.
15
What is the greatest common factor of 13626135 and 114?
57
What is the highest common divisor of 25482083 and 11?
11
Calculate the greatest common divisor of 111827652 and 1791.
597
Calculate the greatest common factor of 46508333 and 4465.
893
Calculate the highest common factor of 5864 and 14336747.
733
What is the greatest common divisor of 252 and 130519494?
126
Calculate the greatest common factor of 115594 and 10237.
29
Calculate the highest common factor of 30 and 6000500.
10
What is the greatest common factor of 16712595 and 180?
45
Calculate the